{"id":974,"date":"2018-07-16T02:30:52","date_gmt":"2018-07-16T02:30:52","guid":{"rendered":"https:\/\/www.hotsmile.de\/?page_id=974"},"modified":"2018-07-18T10:48:18","modified_gmt":"2018-07-18T10:48:18","slug":"bahn","status":"publish","type":"page","link":"https:\/\/www.hotsmile.de\/?page_id=974","title":{"rendered":"Bahn \/ Parkhaus"},"content":{"rendered":"<p>[vc_row][vc_column css=&#8220;.vc_custom_1531706390192{padding-top: 50px !important;padding-bottom: 35px !important;}&#8220;]<div id=\"sc_title_971976185\"\n\t\tclass=\"sc_title color_style_default sc_title_default\"><h3 class=\"sc_item_title sc_title_title sc_align_center sc_item_title_style_default\">Bahn \/ Parkhaus<\/h3><\/div><!-- \/.sc_title -->[vc_empty_space hide_on_desktop=&#8220;&#8220; hide_on_notebook=&#8220;&#8220; hide_on_tablet=&#8220;&#8220; hide_on_mobile=&#8220;&#8220; css=&#8220;.vc_custom_1531706383031{padding-bottom: 35px !important;}&#8220;][vc_row_inner][vc_column_inner width=&#8220;1\/2&#8243;][vc_column_text]<b>Haltestelle: Victoriaplatz \/ Kleverstra\u00dfe<\/b><\/p>\n<p>Aus Richtung D\u00fcsseldorf Hauptbahnhof<br \/>\nU-Bahn U78 -Richtung D-ESPRIT Arena \/ Messe Nord<br \/>\nU-Bahn U79 -Richtung Duisburg<\/p>\n<p>Weitere Stra\u00dfenbahnen: 701, 711, 715<\/p>\n<p>mehr Informationen erhalten Sie unter: <a href=\"http:\/\/www.vrr.de\" target=\"_blank\" rel=\"noopener\"><u>VRR Rheinruhrverbund<\/u><\/a>[\/vc_column_text][\/vc_column_inner][vc_column_inner width=&#8220;1\/2&#8243;][vc_column_text]Parkhaus Q-Park GmbH &amp; Co. KG<br \/>\nKaiserswerther Stra\u00dfe 22<br \/>\n40477 D\u00fcsseldorf<\/p>\n<p>Es existieren zwei Ausg\u00e4nge (dort, wo Sie mit dem Fahrzeug reinfahren und ein gesonderter Ausgang, direkt in einer Wohnsiedlung (bitte diesen Ausgang nehmen). Dort befindet sich in beide Richtungen ein Fu\u00dfg\u00e4ngerweg. Der Weg nach S\u00fcden f\u00fchrt direkt auf die Fischerstra\u00dfe.<\/p>\n<p><strong>Anschrift der Praxis: Fischerstr. 45, 40477 D\u00fcsseldorf<\/strong>[\/vc_column_text][\/vc_column_inner][\/vc_row_inner][\/vc_column][\/vc_row]<\/p>\n","protected":false},"excerpt":{"rendered":"<p>[vc_row][vc_column css=&#8220;.vc_custom_1531706390192{padding-top: 50px !important;padding-bottom: 35px !important;}&#8220;][vc_empty_space hide_on_desktop=&#8220;&#8220; hide_on_notebook=&#8220;&#8220; hide_on_tablet=&#8220;&#8220; hide_on_mobile=&#8220;&#8220; css=&#8220;.vc_custom_1531706383031{padding-bottom: 35px !important;}&#8220;][vc_row_inner][vc_column_inner width=&#8220;1\/2&#8243;][vc_column_text]Haltestelle: Victoriaplatz \/ Kleverstra\u00dfe Aus Richtung D\u00fcsseldorf Hauptbahnhof U-Bahn U78 -Richtung D-ESPRIT Arena \/ Messe Nord U-Bahn U79 -Richtung Duisburg Weitere Stra\u00dfenbahnen: 701, 711, 715 mehr Informationen erhalten Sie unter: VRR Rheinruhrverbund[\/vc_column_text][\/vc_column_inner][vc_column_inner width=&#8220;1\/2&#8243;][vc_column_text]Parkhaus Q-Park GmbH &amp; Co. KG Kaiserswerther Stra\u00dfe 22 40477 D\u00fcsseldorf Es existieren zwei Ausg\u00e4nge&hellip;<\/p>\n","protected":false},"author":1,"featured_media":0,"parent":0,"menu_order":0,"comment_status":"closed","ping_status":"closed","template":"","meta":{"footnotes":""},"class_list":["post-974","page","type-page","status-publish","hentry"],"_links":{"self":[{"href":"https:\/\/www.hotsmile.de\/index.php?rest_route=\/wp\/v2\/pages\/974","targetHints":{"allow":["GET"]}}],"collection":[{"href":"https:\/\/www.hotsmile.de\/index.php?rest_route=\/wp\/v2\/pages"}],"about":[{"href":"https:\/\/www.hotsmile.de\/index.php?rest_route=\/wp\/v2\/types\/page"}],"author":[{"embeddable":true,"href":"https:\/\/www.hotsmile.de\/index.php?rest_route=\/wp\/v2\/users\/1"}],"replies":[{"embeddable":true,"href":"https:\/\/www.hotsmile.de\/index.php?rest_route=%2Fwp%2Fv2%2Fcomments&post=974"}],"version-history":[{"count":4,"href":"https:\/\/www.hotsmile.de\/index.php?rest_route=\/wp\/v2\/pages\/974\/revisions"}],"predecessor-version":[{"id":1137,"href":"https:\/\/www.hotsmile.de\/index.php?rest_route=\/wp\/v2\/pages\/974\/revisions\/1137"}],"wp:attachment":[{"href":"https:\/\/www.hotsmile.de\/index.php?rest_route=%2Fwp%2Fv2%2Fmedia&parent=974"}],"curies":[{"name":"wp","href":"https:\/\/api.w.org\/{rel}","templated":true}]}}